{"id":4890,"date":"2022-04-05T13:54:29","date_gmt":"2022-04-05T13:54:29","guid":{"rendered":"https:\/\/patiotime.loftocean.com\/demo2\/?page_id=4890"},"modified":"2024-03-14T23:20:51","modified_gmt":"2024-03-14T22:20:51","slug":"about","status":"publish","type":"page","link":"https:\/\/lesjardinsdecapucine.com\/index.php\/about\/","title":{"rendered":"\u00c0 Propos"},"content":{"rendered":"\t\t<div data-elementor-type=\"wp-page\" data-elementor-id=\"4890\" class=\"elementor elementor-4890\">\n\t\t\t\t\t\t<section class=\"elementor-section elementor-top-section elementor-element elementor-element-45fed3cf pt-section-content-fullwidth pt-parallax-on-scroll pt_scroll_y_180 elementor-section-boxed elementor-section-height-default elementor-section-height-default\" data-id=\"45fed3cf\" data-element_type=\"section\" data-settings=\"{&quot;background_background&quot;:&quot;classic&quot;}\" data-pt-parallax-y=\"180\" style=\"background-image: none;\" data-pt-background-image=\"http:\/\/lesjardinsdecapucine.com\/wp-content\/uploads\/2023\/12\/restaurant-jardin-de-capucines-.jpeg\">\n\t\t\t\t\t\t\t<div class=\"elementor-background-overlay\"><\/div>\n\t\t\t\t\t\t\t<div class=\"elementor-container elementor-column-gap-no\">\n\t\t\t\t\t<div class=\"elementor-column elementor-col-100 elementor-top-column elementor-element elementor-element-534bfec1 dark-color\" data-id=\"534bfec1\" data-element_type=\"column\">\n\t\t\t<div class=\"elementor-widget-wrap elementor-element-populated\">\n\t\t\t\t\t\t<div class=\"elementor-element elementor-element-2be3b49b elementor-widget elementor-widget-pt_title\" data-id=\"2be3b49b\" data-element_type=\"widget\" data-widget_type=\"pt_title.default\">\n\t\t\t\t<div class=\"elementor-widget-container\">\n\t\t\t\n        <div class=\"pt-title-wrap text-center\">\t            <div class=\"pt-subtitle-wrap\"><span class=\"pt-subtitle\">ITALIAN RESTAURANT<\/span><\/div>\t            <h1 class=\"pt-title color-white\">\n\t                Les jardins de capucines\t            <\/h1>\t            <div class=\"pt-title-text\">\n\t                <p>10 boulevard de Starsbourg, Villiers sur marnes<\/p>\t            <\/div>        <\/div>\t\t<\/div>\n\t\t\t\t<\/div>\n\t\t\t\t\t<\/div>\n\t\t<\/div>\n\t\t\t\t\t<\/div>\n\t\t<\/section>\n\t\t\t\t<section class=\"elementor-section elementor-top-section elementor-element elementor-element-5a80dd7c elementor-reverse-tablet elementor-reverse-mobile elementor-section-boxed elementor-section-height-default elementor-section-height-default\" data-id=\"5a80dd7c\" data-element_type=\"section\" data-settings=\"{&quot;background_background&quot;:&quot;classic&quot;}\">\n\t\t\t\t\t\t<div class=\"elementor-container elementor-column-gap-no\">\n\t\t\t\t\t<div class=\"elementor-column elementor-col-50 elementor-top-column elementor-element elementor-element-5ba2070 dark-color\" data-id=\"5ba2070\" data-element_type=\"column\">\n\t\t\t<div class=\"elementor-widget-wrap elementor-element-populated\">\n\t\t\t\t\t\t<div class=\"elementor-element elementor-element-199d965b elementor-widget elementor-widget-pt_title\" data-id=\"199d965b\" data-element_type=\"widget\" data-widget_type=\"pt_title.default\">\n\t\t\t\t<div class=\"elementor-widget-container\">\n\t\t\t\n        <div class=\"pt-title-wrap\">\t            <div class=\"pt-subtitle-wrap\"><span class=\"pt-subtitle color-secondary style-bordered\">Le restaurant<\/span><\/div>\t            <h5 class=\"pt-title color-white\">\n\t                La dolce vita\t            <\/h5>\t            <div class=\"pt-title-text\">\n\t                <p><span style=\"background-color: var(--bg-color);\">Bienvenue aux Jardins de Capucine, nich\u00e9s au 10 Boulevard de Strasbourg \u00e0 Villiers-sur-Marne. Notre restaurant italien, au design moderne, fusionne harmonieusement convivialit\u00e9 et tendance.\u00a0<\/span><\/p><p><span style=\"background-color: var(--bg-color);\">Plongez dans une exp\u00e9rience culinaire raffin\u00e9e, o\u00f9 les saveurs italiennes authentiques sont magnifi\u00e9es par des ingr\u00e9dients frais et de qualit\u00e9. L&rsquo;atmosph\u00e8re chaleureuse de notre \u00e9tablissement cr\u00e9e l&rsquo;endroit parfait pour des moments m\u00e9morables, que ce soit entre amis, en famille ou lors d&rsquo;occasions sp\u00e9ciales.<\/span><\/p><p>\u00a0<\/p>\t            <\/div>                <div class=\"pt-title-btn\">\n                    <a class=\"button\" role=\"button\">\n                        <span class=\"pt-btn-text\">R\u00e9server au 0149419477<\/span>\n                    <\/a>\n                <\/div>\n                    <\/div>\t\t<\/div>\n\t\t\t\t<\/div>\n\t\t\t\t\t<\/div>\n\t\t<\/div>\n\t\t\t\t<div class=\"elementor-column elementor-col-50 elementor-top-column elementor-element elementor-element-67150d8c\" data-id=\"67150d8c\" data-element_type=\"column\">\n\t\t\t<div class=\"elementor-widget-wrap elementor-element-populated\">\n\t\t\t\t\t\t<section class=\"elementor-section elementor-inner-section elementor-element elementor-element-1eefd0c2 elementor-section-boxed elementor-section-height-default elementor-section-height-default\" data-id=\"1eefd0c2\" data-element_type=\"section\">\n\t\t\t\t\t\t<div class=\"elementor-container elementor-column-gap-no\">\n\t\t\t\t\t<div class=\"elementor-column elementor-col-50 elementor-inner-column elementor-element elementor-element-3e627018\" data-id=\"3e627018\" data-element_type=\"column\">\n\t\t\t<div class=\"elementor-widget-wrap elementor-element-populated\">\n\t\t\t\t\t\t<div class=\"elementor-element elementor-element-59ae392f animated-fast pt-animation-medium-offset elementor-invisible elementor-widget elementor-widget-image\" data-id=\"59ae392f\" data-element_type=\"widget\" data-settings=\"{&quot;_animation&quot;:&quot;fadeInUp&quot;,&quot;_animation_delay&quot;:200}\" data-widget_type=\"image.default\">\n\t\t\t\t<div class=\"elementor-widget-container\">\n\t\t\t<style>\/*! elementor - v3.19.0 - 29-01-2024 *\/\n.elementor-widget-image{text-align:center}.elementor-widget-image a{display:inline-block}.elementor-widget-image a img[src$=\".svg\"]{width:48px}.elementor-widget-image img{vertical-align:middle;display:inline-block}<\/style>\t\t\t\t\t\t\t\t\t\t<img fetchpriority=\"high\" decoding=\"async\" width=\"716\" height=\"924\" src=\"https:\/\/lesjardinsdecapucine.com\/wp-content\/uploads\/2023\/12\/salle-les-jardins-de-capucine.png\" class=\"attachment-large size-large wp-image-6787\" alt=\"\" srcset=\"https:\/\/lesjardinsdecapucine.com\/wp-content\/uploads\/2023\/12\/salle-les-jardins-de-capucine.png 716w, https:\/\/lesjardinsdecapucine.com\/wp-content\/uploads\/2023\/12\/salle-les-jardins-de-capucine-232x300.png 232w, https:\/\/lesjardinsdecapucine.com\/wp-content\/uploads\/2023\/12\/salle-les-jardins-de-capucine-600x774.png 600w, https:\/\/lesjardinsdecapucine.com\/wp-content\/uploads\/2023\/12\/salle-les-jardins-de-capucine-550x710.png 550w, https:\/\/lesjardinsdecapucine.com\/wp-content\/uploads\/2023\/12\/salle-les-jardins-de-capucine-370x477.png 370w, https:\/\/lesjardinsdecapucine.com\/wp-content\/uploads\/2023\/12\/salle-les-jardins-de-capucine-255x329.png 255w\" sizes=\"(max-width: 716px) 100vw, 716px\" \/>\t\t\t\t\t\t\t\t\t\t\t\t\t<\/div>\n\t\t\t\t<\/div>\n\t\t\t\t\t<\/div>\n\t\t<\/div>\n\t\t\t\t<div class=\"elementor-column elementor-col-50 elementor-inner-column elementor-element elementor-element-1a357cc8\" data-id=\"1a357cc8\" data-element_type=\"column\">\n\t\t\t<div class=\"elementor-widget-wrap elementor-element-populated\">\n\t\t\t\t\t\t<div class=\"elementor-element elementor-element-748a69fa animated-fast pt-animation-medium-offset elementor-invisible elementor-widget elementor-widget-image\" data-id=\"748a69fa\" data-element_type=\"widget\" data-settings=\"{&quot;_animation&quot;:&quot;fadeInUp&quot;,&quot;_animation_delay&quot;:500}\" data-widget_type=\"image.default\">\n\t\t\t\t<div class=\"elementor-widget-container\">\n\t\t\t\t\t\t\t\t\t\t\t\t\t<img decoding=\"async\" width=\"724\" height=\"1000\" src=\"https:\/\/lesjardinsdecapucine.com\/wp-content\/uploads\/2024\/03\/les-jardins-de-capucine-villier.png\" class=\"attachment-large size-large wp-image-7049\" alt=\"\" srcset=\"https:\/\/lesjardinsdecapucine.com\/wp-content\/uploads\/2024\/03\/les-jardins-de-capucine-villier.png 724w, https:\/\/lesjardinsdecapucine.com\/wp-content\/uploads\/2024\/03\/les-jardins-de-capucine-villier-217x300.png 217w, https:\/\/lesjardinsdecapucine.com\/wp-content\/uploads\/2024\/03\/les-jardins-de-capucine-villier-600x829.png 600w, https:\/\/lesjardinsdecapucine.com\/wp-content\/uploads\/2024\/03\/les-jardins-de-capucine-villier-550x760.png 550w, https:\/\/lesjardinsdecapucine.com\/wp-content\/uploads\/2024\/03\/les-jardins-de-capucine-villier-370x511.png 370w, https:\/\/lesjardinsdecapucine.com\/wp-content\/uploads\/2024\/03\/les-jardins-de-capucine-villier-255x352.png 255w\" sizes=\"(max-width: 724px) 100vw, 724px\" \/>\t\t\t\t\t\t\t\t\t\t\t\t\t<\/div>\n\t\t\t\t<\/div>\n\t\t\t\t\t<\/div>\n\t\t<\/div>\n\t\t\t\t\t<\/div>\n\t\t<\/section>\n\t\t\t\t\t<\/div>\n\t\t<\/div>\n\t\t\t\t\t<\/div>\n\t\t<\/section>\n\t\t\t\t<section class=\"elementor-section elementor-top-section elementor-element elementor-element-1f0d59d0 elementor-section-boxed elementor-section-height-default elementor-section-height-default\" data-id=\"1f0d59d0\" data-element_type=\"section\" data-settings=\"{&quot;background_background&quot;:&quot;classic&quot;}\">\n\t\t\t\t\t\t<div class=\"elementor-container elementor-column-gap-no\">\n\t\t\t\t\t<div class=\"elementor-column elementor-col-50 elementor-top-column elementor-element elementor-element-26cefb81\" data-id=\"26cefb81\" data-element_type=\"column\">\n\t\t\t<div class=\"elementor-widget-wrap elementor-element-populated\">\n\t\t\t\t\t\t<section class=\"elementor-section elementor-inner-section elementor-element elementor-element-e3907f8 elementor-section-boxed elementor-section-height-default elementor-section-height-default\" data-id=\"e3907f8\" data-element_type=\"section\">\n\t\t\t\t\t\t<div class=\"elementor-container elementor-column-gap-no\">\n\t\t\t\t\t<div class=\"elementor-column elementor-col-50 elementor-inner-column elementor-element elementor-element-356336b\" data-id=\"356336b\" data-element_type=\"column\">\n\t\t\t<div class=\"elementor-widget-wrap elementor-element-populated\">\n\t\t\t\t\t\t<div class=\"elementor-element elementor-element-eec234c animated-fast pt-animation-medium-offset elementor-invisible elementor-widget elementor-widget-image\" data-id=\"eec234c\" data-element_type=\"widget\" data-settings=\"{&quot;_animation&quot;:&quot;fadeInUp&quot;,&quot;_animation_delay&quot;:500}\" data-widget_type=\"image.default\">\n\t\t\t\t<div class=\"elementor-widget-container\">\n\t\t\t\t\t\t\t\t\t\t\t\t\t<img decoding=\"async\" src=\"https:\/\/lesjardinsdecapucine.com\/wp-content\/uploads\/2023\/12\/pizza-burrata-les-jardins-de-capucine-1.png\" title=\"pizza burrata, les jardins de capucine\" alt=\"pizza burrata, les jardins de capucine\" loading=\"lazy\" \/>\t\t\t\t\t\t\t\t\t\t\t\t\t<\/div>\n\t\t\t\t<\/div>\n\t\t\t\t\t<\/div>\n\t\t<\/div>\n\t\t\t\t<div class=\"elementor-column elementor-col-50 elementor-inner-column elementor-element elementor-element-f0d76f7\" data-id=\"f0d76f7\" data-element_type=\"column\">\n\t\t\t<div class=\"elementor-widget-wrap elementor-element-populated\">\n\t\t\t\t\t\t<div class=\"elementor-element elementor-element-7c81a35 animated-fast pt-animation-medium-offset elementor-invisible elementor-widget elementor-widget-image\" data-id=\"7c81a35\" data-element_type=\"widget\" data-settings=\"{&quot;_animation&quot;:&quot;fadeInUp&quot;,&quot;_animation_delay&quot;:200}\" data-widget_type=\"image.default\">\n\t\t\t\t<div class=\"elementor-widget-container\">\n\t\t\t\t\t\t\t\t\t\t\t\t\t<img decoding=\"async\" src=\"https:\/\/lesjardinsdecapucine.com\/wp-content\/uploads\/2023\/12\/buratta-les-jardins-de-capucine.png\" title=\"buratta les jardins de capucine\" alt=\"buratta les jardins de capucine\" loading=\"lazy\" \/>\t\t\t\t\t\t\t\t\t\t\t\t\t<\/div>\n\t\t\t\t<\/div>\n\t\t\t\t\t<\/div>\n\t\t<\/div>\n\t\t\t\t\t<\/div>\n\t\t<\/section>\n\t\t\t\t\t<\/div>\n\t\t<\/div>\n\t\t\t\t<div class=\"elementor-column elementor-col-50 elementor-top-column elementor-element elementor-element-49ddb3ff dark-color\" data-id=\"49ddb3ff\" data-element_type=\"column\">\n\t\t\t<div class=\"elementor-widget-wrap elementor-element-populated\">\n\t\t\t\t\t\t<div class=\"elementor-element elementor-element-7d9c1071 elementor-widget elementor-widget-pt_title\" data-id=\"7d9c1071\" data-element_type=\"widget\" data-widget_type=\"pt_title.default\">\n\t\t\t\t<div class=\"elementor-widget-container\">\n\t\t\t\n        <div class=\"pt-title-wrap\">\t            <div class=\"pt-subtitle-wrap\"><span class=\"pt-subtitle color-secondary style-bordered\">La cuisine<\/span><\/div>\t            <h5 class=\"pt-title color-white\">\n\t                L'Italie en Saveurs\t            <\/h5>\t            <div class=\"pt-title-text\">\n\t                <p><span style=\"font-size: inherit; color: var(--text-color); font-family: var(--body-font); background-color: var(--bg-color);\">Embarquez pour une exp\u00e9rience immersive aux Jardins de Capucine, o\u00f9 chaque plat raconte une histoire captivante de l&rsquo;Italie. D\u00e9couvrez des entr\u00e9es exquises comme la Caprese di Mozzarella\/Burrata et le Carpaccio di Manzo. Poursuivez avec des pizzas inoubliables telles que la Regina, Margherita, et la Tartufata, ainsi que des p\u00e2tes d\u00e9licieuses comme les Fettuccine al Salmone, Linguine alla Vongole, et Penne alla Arrabiata. Explorez les saveurs des viandes avec les Scaloppine al Tartufo et Scaloppine Gorgonzola. Terminez cette aventure culinaire avec des desserts tels que la Fondante al Cioccolato et l&rsquo;Affogato al Caf\u00e9. Chaque plat chez nous vous invite \u00e0 vivre l&rsquo;Italie \u00e0 chaque bouch\u00e9e.<\/span><span style=\"font-size: inherit; color: var(--text-color); font-family: var(--body-font); background-color: var(--bg-color);\">\u201d<\/span><\/p><p><span style=\"font-size: inherit; color: var(--text-color); font-family: var(--body-font); background-color: var(--bg-color);\">\u00a0<\/span><\/p>\t            <\/div>                <div class=\"pt-title-btn\">\n                    <a class=\"button elementor-button-link\" role=\"button\" href=\"https:\/\/lesjardinsdecapucine.com\/index.php\/menus\/\">\n                        <span class=\"pt-btn-text\">D\u00e9couvrez notre menu<\/span>\n                    <\/a>\n                <\/div>\n                    <\/div>\t\t<\/div>\n\t\t\t\t<\/div>\n\t\t\t\t\t<\/div>\n\t\t<\/div>\n\t\t\t\t\t<\/div>\n\t\t<\/section>\n\t\t\t\t<\/div>\n\t\t","protected":false},"excerpt":{"rendered":"<p>ITALIAN RESTAURANT Les jardins de capucines 10 boulevard de Starsbourg, Villiers sur marnes Le restaurant La dolce vita Bienvenue aux Jardins de Capucine, nich\u00e9s au 10 Boulevard de Strasbourg \u00e0 Villiers-sur-Marne. Notre restaurant italien, au design moderne, fusionne harmonieusement convivialit\u00e9 et tendance.\u00a0 Plongez dans une exp\u00e9rience culinaire raffin\u00e9e, o\u00f9 les saveurs italiennes authentiques sont magnifi\u00e9es &#8230;<\/p>\n","protected":false},"author":1,"featured_media":0,"parent":0,"menu_order":0,"comment_status":"closed","ping_status":"closed","template":"template-wide-content.php","meta":{"footnotes":"","patiotime_single_page_hide_site_header":"","patiotime_single_page_site_header_source":"","patiotime_single_page_custom_site_header":"0","patiotime_single_page_custom_sticky_site_header":"0","patiotime_single_page_hide_page_title":"on","patiotime_single_page_header_section_size":"","patiotime_single_page_header_background_color":"","patiotime_single_page_header_background_position_x":"center","patiotime_single_page_header_background_position_y":"center","patiotime_single_page_header_background_size":"cover","patiotime_single_page_header_background_repeat":"off","patiotime_single_page_header_background_scroll":"on","patiotime_single_page_header_text_color":"","patiotime_single_page_header_show_breadcrumb":"","patiotime_single_page_site_footer_hide_main":"","patiotime_single_custom_site_footer_main_source":"","patiotime_single_custom_site_footer_main":"0","patiotime_single_page_site_footer_hide_above":"","patiotime_single_custom_site_footer_above_source":"","patiotime_single_custom_site_footer_above":"0","patiotime_single_page_site_footer_hide_instagram":"","patiotime_single_page_site_footer_hide_bottom":"","patiotime_single_custom_mobile_menu_source":"","patiotime_single_custom_mobile_menu":"0","patiotime_single_custom_mobile_menu_animation":"","patiotime_single_custom_mobile_menu_width":"","patiotime_single_custom_mobile_menu_custom_width":375},"yoast_head":"<!-- This site is optimized with the Yoast SEO plugin v21.6 - https:\/\/yoast.com\/wordpress\/plugins\/seo\/ -->\n<title>\u00c0 Propos - Les jardins de Capucine<\/title>\n<meta name=\"robots\" content=\"index, follow, max-snippet:-1, max-image-preview:large, max-video-preview:-1\" \/>\n<link rel=\"canonical\" href=\"https:\/\/lesjardinsdecapucine.com\/index.php\/about\/\" \/>\n<meta property=\"og:locale\" content=\"fr_FR\" \/>\n<meta property=\"og:type\" content=\"article\" \/>\n<meta property=\"og:title\" content=\"\u00c0 Propos - Les jardins de Capucine\" \/>\n<meta property=\"og:description\" content=\"ITALIAN RESTAURANT Les jardins de capucines 10 boulevard de Starsbourg, Villiers sur marnes Le restaurant La dolce vita Bienvenue aux Jardins de Capucine, nich\u00e9s au 10 Boulevard de Strasbourg \u00e0 Villiers-sur-Marne. Notre restaurant italien, au design moderne, fusionne harmonieusement convivialit\u00e9 et tendance.\u00a0 Plongez dans une exp\u00e9rience culinaire raffin\u00e9e, o\u00f9 les saveurs italiennes authentiques sont magnifi\u00e9es ...\" \/>\n<meta property=\"og:url\" content=\"https:\/\/lesjardinsdecapucine.com\/index.php\/about\/\" \/>\n<meta property=\"og:site_name\" content=\"Les jardins de Capucine\" \/>\n<meta property=\"article:modified_time\" content=\"2024-03-14T22:20:51+00:00\" \/>\n<meta property=\"og:image\" content=\"http:\/\/lesjardinsdecapucine.com\/wp-content\/uploads\/2023\/12\/salle-les-jardins-de-capucine.png\" \/>\n<meta name=\"twitter:card\" content=\"summary_large_image\" \/>\n<meta name=\"twitter:label1\" content=\"Dur\u00e9e de lecture estim\u00e9e\" \/>\n\t<meta name=\"twitter:data1\" content=\"2 minutes\" \/>\n<script type=\"application\/ld+json\" class=\"yoast-schema-graph\">{\"@context\":\"https:\/\/schema.org\",\"@graph\":[{\"@type\":\"WebPage\",\"@id\":\"https:\/\/lesjardinsdecapucine.com\/index.php\/about\/\",\"url\":\"https:\/\/lesjardinsdecapucine.com\/index.php\/about\/\",\"name\":\"\u00c0 Propos - Les jardins de Capucine\",\"isPartOf\":{\"@id\":\"https:\/\/lesjardinsdecapucine.com\/#website\"},\"datePublished\":\"2022-04-05T13:54:29+00:00\",\"dateModified\":\"2024-03-14T22:20:51+00:00\",\"breadcrumb\":{\"@id\":\"https:\/\/lesjardinsdecapucine.com\/index.php\/about\/#breadcrumb\"},\"inLanguage\":\"fr-FR\",\"potentialAction\":[{\"@type\":\"ReadAction\",\"target\":[\"https:\/\/lesjardinsdecapucine.com\/index.php\/about\/\"]}]},{\"@type\":\"BreadcrumbList\",\"@id\":\"https:\/\/lesjardinsdecapucine.com\/index.php\/about\/#breadcrumb\",\"itemListElement\":[{\"@type\":\"ListItem\",\"position\":1,\"name\":\"Accueil\",\"item\":\"https:\/\/lesjardinsdecapucine.com\/\"},{\"@type\":\"ListItem\",\"position\":2,\"name\":\"\u00c0 Propos\"}]},{\"@type\":\"WebSite\",\"@id\":\"https:\/\/lesjardinsdecapucine.com\/#website\",\"url\":\"https:\/\/lesjardinsdecapucine.com\/\",\"name\":\"Les jardins de Capucine\",\"description\":\"Restaurant Italien Villiers sur marne\",\"publisher\":{\"@id\":\"https:\/\/lesjardinsdecapucine.com\/#organization\"},\"potentialAction\":[{\"@type\":\"SearchAction\",\"target\":{\"@type\":\"EntryPoint\",\"urlTemplate\":\"https:\/\/lesjardinsdecapucine.com\/?s={search_term_string}\"},\"query-input\":\"required name=search_term_string\"}],\"inLanguage\":\"fr-FR\"},{\"@type\":\"Organization\",\"@id\":\"https:\/\/lesjardinsdecapucine.com\/#organization\",\"name\":\"Les jardins de Capucine\",\"url\":\"https:\/\/lesjardinsdecapucine.com\/\",\"logo\":{\"@type\":\"ImageObject\",\"inLanguage\":\"fr-FR\",\"@id\":\"https:\/\/lesjardinsdecapucine.com\/#\/schema\/logo\/image\/\",\"url\":\"https:\/\/lesjardinsdecapucine.com\/wp-content\/uploads\/2022\/04\/Logo-Les-jardins-de-capucines-Pizzeria.jpeg\",\"contentUrl\":\"https:\/\/lesjardinsdecapucine.com\/wp-content\/uploads\/2022\/04\/Logo-Les-jardins-de-capucines-Pizzeria.jpeg\",\"width\":320,\"height\":320,\"caption\":\"Les jardins de Capucine\"},\"image\":{\"@id\":\"https:\/\/lesjardinsdecapucine.com\/#\/schema\/logo\/image\/\"},\"sameAs\":[\"https:\/\/www.instagram.com\/pizzeria_jdc\/\"]}]}<\/script>\n<!-- \/ Yoast SEO plugin. -->","yoast_head_json":{"title":"\u00c0 Propos - Les jardins de Capucine","robots":{"index":"index","follow":"follow","max-snippet":"max-snippet:-1","max-image-preview":"max-image-preview:large","max-video-preview":"max-video-preview:-1"},"canonical":"https:\/\/lesjardinsdecapucine.com\/index.php\/about\/","og_locale":"fr_FR","og_type":"article","og_title":"\u00c0 Propos - Les jardins de Capucine","og_description":"ITALIAN RESTAURANT Les jardins de capucines 10 boulevard de Starsbourg, Villiers sur marnes Le restaurant La dolce vita Bienvenue aux Jardins de Capucine, nich\u00e9s au 10 Boulevard de Strasbourg \u00e0 Villiers-sur-Marne. Notre restaurant italien, au design moderne, fusionne harmonieusement convivialit\u00e9 et tendance.\u00a0 Plongez dans une exp\u00e9rience culinaire raffin\u00e9e, o\u00f9 les saveurs italiennes authentiques sont magnifi\u00e9es ...","og_url":"https:\/\/lesjardinsdecapucine.com\/index.php\/about\/","og_site_name":"Les jardins de Capucine","article_modified_time":"2024-03-14T22:20:51+00:00","og_image":[{"url":"http:\/\/lesjardinsdecapucine.com\/wp-content\/uploads\/2023\/12\/salle-les-jardins-de-capucine.png"}],"twitter_card":"summary_large_image","twitter_misc":{"Dur\u00e9e de lecture estim\u00e9e":"2 minutes"},"schema":{"@context":"https:\/\/schema.org","@graph":[{"@type":"WebPage","@id":"https:\/\/lesjardinsdecapucine.com\/index.php\/about\/","url":"https:\/\/lesjardinsdecapucine.com\/index.php\/about\/","name":"\u00c0 Propos - Les jardins de Capucine","isPartOf":{"@id":"https:\/\/lesjardinsdecapucine.com\/#website"},"datePublished":"2022-04-05T13:54:29+00:00","dateModified":"2024-03-14T22:20:51+00:00","breadcrumb":{"@id":"https:\/\/lesjardinsdecapucine.com\/index.php\/about\/#breadcrumb"},"inLanguage":"fr-FR","potentialAction":[{"@type":"ReadAction","target":["https:\/\/lesjardinsdecapucine.com\/index.php\/about\/"]}]},{"@type":"BreadcrumbList","@id":"https:\/\/lesjardinsdecapucine.com\/index.php\/about\/#breadcrumb","itemListElement":[{"@type":"ListItem","position":1,"name":"Accueil","item":"https:\/\/lesjardinsdecapucine.com\/"},{"@type":"ListItem","position":2,"name":"\u00c0 Propos"}]},{"@type":"WebSite","@id":"https:\/\/lesjardinsdecapucine.com\/#website","url":"https:\/\/lesjardinsdecapucine.com\/","name":"Les jardins de Capucine","description":"Restaurant Italien Villiers sur marne","publisher":{"@id":"https:\/\/lesjardinsdecapucine.com\/#organization"},"potentialAction":[{"@type":"SearchAction","target":{"@type":"EntryPoint","urlTemplate":"https:\/\/lesjardinsdecapucine.com\/?s={search_term_string}"},"query-input":"required name=search_term_string"}],"inLanguage":"fr-FR"},{"@type":"Organization","@id":"https:\/\/lesjardinsdecapucine.com\/#organization","name":"Les jardins de Capucine","url":"https:\/\/lesjardinsdecapucine.com\/","logo":{"@type":"ImageObject","inLanguage":"fr-FR","@id":"https:\/\/lesjardinsdecapucine.com\/#\/schema\/logo\/image\/","url":"https:\/\/lesjardinsdecapucine.com\/wp-content\/uploads\/2022\/04\/Logo-Les-jardins-de-capucines-Pizzeria.jpeg","contentUrl":"https:\/\/lesjardinsdecapucine.com\/wp-content\/uploads\/2022\/04\/Logo-Les-jardins-de-capucines-Pizzeria.jpeg","width":320,"height":320,"caption":"Les jardins de Capucine"},"image":{"@id":"https:\/\/lesjardinsdecapucine.com\/#\/schema\/logo\/image\/"},"sameAs":["https:\/\/www.instagram.com\/pizzeria_jdc\/"]}]}},"_links":{"self":[{"href":"https:\/\/lesjardinsdecapucine.com\/index.php\/wp-json\/wp\/v2\/pages\/4890"}],"collection":[{"href":"https:\/\/lesjardinsdecapucine.com\/index.php\/wp-json\/wp\/v2\/pages"}],"about":[{"href":"https:\/\/lesjardinsdecapucine.com\/index.php\/wp-json\/wp\/v2\/types\/page"}],"author":[{"embeddable":true,"href":"https:\/\/lesjardinsdecapucine.com\/index.php\/wp-json\/wp\/v2\/users\/1"}],"replies":[{"embeddable":true,"href":"https:\/\/lesjardinsdecapucine.com\/index.php\/wp-json\/wp\/v2\/comments?post=4890"}],"version-history":[{"count":26,"href":"https:\/\/lesjardinsdecapucine.com\/index.php\/wp-json\/wp\/v2\/pages\/4890\/revisions"}],"predecessor-version":[{"id":7062,"href":"https:\/\/lesjardinsdecapucine.com\/index.php\/wp-json\/wp\/v2\/pages\/4890\/revisions\/7062"}],"wp:attachment":[{"href":"https:\/\/lesjardinsdecapucine.com\/index.php\/wp-json\/wp\/v2\/media?parent=4890"}],"curies":[{"name":"wp","href":"https:\/\/api.w.org\/{rel}","templated":true}]}}